 17. Let r be z(-4). Suppose 0 = 5*n + 2*s - r, 4 = n - s - 150. Suppose -n + 33 = -2*f. What is the tens digit of f?
5
Let v(a) = -a**3 + 29*a**2 - 17*a + 62. Suppose -13*j + 308 = -2*j. What is the tens digit of v(j)?
7
Let q = 1563 - 1352. What is the hundreds digit of q?
2
Suppose 464 = -11*x + 3263 + 42917. What is the hundreds digit of x?
1
Let n be -6 + (-168)/(-16) + 1/(-2). What is the tens digit of (-15918)/(-54) - n/(-18)?
9
Let x(m) = m**2 + 27*m + 30. Let a be x(-26). Suppose -t + 592 = t - a*q, 1480 = 5*t + q. What is the tens digit of t?
9
Let g(p) = -p**2 - 11*p + 79. Let b be g(-16). What is the tens digit of (b/4 - (-733)/4)*3?
4
Suppose 481*u - 96*u = 14358190. What is the thousands digit of u?
7
Suppose -4*q + 25452 = 2*n, 0*n - 5*q - 38134 = -3*n. What is the thousands digit of n?
2
Let j(w) = 2*w + 27. Let i(n) = -3*n + 3. Let h be i(5). Let c be j(h). Suppose 0*o - 51 = -c*o. What is the tens digit of o?
1
Let v be (6/(-5))/(24/(-40)). Let y be 13/(v - (-156)/(-80)). Suppose -3*a - y = -8*a. What is the units digit of a?
2
Suppose 40*o + 89539 = 26*o + 232535. What is the hundreds digit of o?
2
Let p(c) = 310*c**2 + 173*c + 1214. What is the units digit of p(-7)?
3
Let p(r) = r**3 - 3*r**2 + 99*r - 181. What is the units digit of p(6)?
1
What is the thousands digit of 11 + (-4)/(4*(-2)/35288)?
7
Suppose 2*p + 2 + 8 = 0. Let q be 293/3 + p/((-105)/(-14)). Suppose q = 7*n - 309. What is the tens digit of n?
5
Let j(t) = -417*t - 1785. What is the tens digit of j(-29)?
0
Let i(l) = -179*l - 91. Let g be i(-9). Suppose -29*t + 10*t + g = 0. What is the units digit of t?
0
Suppose -12018*c = -12004*c - 22260. What is the hundreds digit of c?
5
What is the thousands digit of (238/(-14))/(-17) - -36368?
6
Let m be 182/(-39) + (-4)/(-6). Let z(w) = 74*w - 16. Let n be z(m). Let o = -160 - n. What is the units digit of o?
2
Suppose 3573 = 9*x - 4*x + 4*z, 2*x - 4*z = 1418. Let f = x - 352. Suppose 3*g = f + 278. What is the units digit of g?
3
What is the tens digit of (-4*50*15/(-18))/((-18)/(-27))?
5
Let m be ((-284)/(-6))/(4/6). Let s(d) = d**2 - 5*d - 49. Let y be s(-11). Let u = y - m. What is the units digit of u?
6
Let h = 893 + 304. Suppose 5*a - 4*k = -1441 - h, -4*k + 534 = -a. Let w = -273 - a. What is the tens digit of w?
5
Let r = 35 - 24. Suppose r + 5 = 2*i. What is the tens digit of ((-3 - (-2 - 2)) + i)*8?
7
Let m = 10992 - 4983. What is the hundreds digit of m?
0
Let u = 25753 - 15113. What is the hundreds digit of u?
6
Let n be (2/3)/((-14)/(-147)). Let j(q) = -14*q - 17. Let w(z) = 28*z + 35. Let d(g) = -5*j(g) - 2*w(g). What is the tens digit of d(n)?
1
Suppose 0 = -57*s + 29751 - 2252 + 8411. What is the tens digit of s?
3
Let b be 12/(-18) - 9310/(-6). Suppose 499 + b = 5*m. What is the tens digit of m?
1
What is the units digit of (18/4 - 246/164)*34?
2
Let y(q) = 3*q**3 + 32*q**2 - 231*q + 1. What is the thousands digit of y(23)?
8
Suppose 0 = -2*j + 4*g - 32, 3*j - 3*g + 64 = -g. Let f(n) = -n**2 - 7. Let z be f(5). Let c = j - z. What is the units digit of c?
8
Suppose -2*m + 643 = -c, -m - 1 = -0. Let w = c - -1167. What is the tens digit of w?
2
Let n(i) = -60*i**3 - 2*i**2 - 34*i - 492. What is the tens digit of n(-9)?
9
Suppose 0 = -2*n + 32 + 40. Suppose -2*a = 7*a - n. Suppose 2*h + 592 + 106 = a*g, 5*g = h + 880. What is the hundreds digit of g?
1
Let q(r) = r**3 + 3*r**2 - 5*r - 4. Let i be q(-4). Suppose 0 = -4*t - 5*y + 267, i*y + 224 = 3*t - y. What is the tens digit of t?
7
Let u be (254*2)/(16/8). Suppose -4*b - u = -0*r - 5*r, 0 = -3*r - 3*b + 174. What is the tens digit of r?
5
Suppose 845 = -2*d - a + 64, 0 = 4*a - 12. What is the tens digit of (-18)/7*d/28?
3
Let t(u) = 4*u**2 + 77*u + 19. Let q(s) = 9*s**2 + 156*s + 38. Let l(z) = 2*q(z) - 5*t(z). What is the hundreds digit of l(-33)?
2
Let f = -54 + 40. Let r = f + 17. What is the units digit of 4/r - 978/(-9)?
0
Let k be (-299)/(-27) - (-290)/(-3915). Suppose 5*i - 45 = 5*p, 11 = -2*p + i - 4. Let g = k + p. What is the units digit of g?
5
Let v be (2/6)/(-1) + (-30)/(-9). What is the hundreds digit of (v + (-78)/18)/(3/(-1584))?
7
Let s(f) = -10*f + 2. Let j be s(-5). Suppose 4*x - 247 - 91 = 2*o, -3*o - 92 = -x. Suppose -5*m + x = -j. What is the tens digit of m?
2
Let l(g) = -9*g**3 + 4*g**2 - 2*g - 2. Let d be (-35)/11 + 5/(-110)*-4. What is the units digit of l(d)?
3
Let q(l) = l**2 + 12*l + 3. Let i be q(-9). Let o be 136/i + 6/9 + -1. What is the tens digit of -134*((o/2 - -1) + 1)?
3
Let y(q) = 9*q + 443. Let t(p) = 5*p + 220. Let k(b) = 5*t(b) - 2*y(b). What is the tens digit of k(31)?
3
Suppose u + 4374 = 3*m - 8506, 3*m + 4*u - 12890 = 0. What is the tens digit of m?
9
Let b(g) be the first derivative of g**4/4 - 5*g**3/3 + 17*g**2/2 - 7*g - 1. Suppose -4*r + 2*w = -38, w - 24 = -2*r + 3*w. What is the tens digit of b(r)?
1
Let g = -32267 - -63211. What is the tens digit of g?
4
Let o(j) = -2*j + 4*j + 70*j**2 + 33*j**2 + 72*j**2 - 3*j. What is the units digit of o(-1)?
6
Suppose 126*q - 131*q - 755 = 0. Let b = q - -230. What is the tens digit of b?
7
Let k = 41972 - 17359. What is the thousands digit of k?
4
What is the tens digit of ((-87)/(-174))/(17719/17718 + -1)?
5
What is the tens digit of -7 + 53366 - -4 - -24?
8
Let t(w) = -4*w**2 + 36*w - 29. Let x be t(8). Suppose -x*i = -12*o + 17*o - 5637, 5*i - 20 = 0. What is the units digit of o?
5
Suppose -45*r = -37*r - 32. Suppose -r*f - a + 3838 = 0, f = -5*a + 442 + 527. What is the hundreds digit of f?
9
What is the ten thousands digit of (232239/(-35) + 1)/((-18)/135)?
4
Let f = 35 - 37. Let s be (3/6*0)/f. What is the tens digit of -1 + s + (74 - -1 - 2)?
7
Let j(g) be the first derivative of -g**6/360 - 7*g**5/40 - g**4/8 - 11*g**3/3 + 6. Let a(n) be the third derivative of j(n). What is the units digit of a(-11)?
7
Let x = 19064 + -10696. What is the thousands digit of x?
8
Let w(t) = 43 - 69 - 317*t - 139*t + 11 + 62*t. What is the thousands digit of w(-5)?
1
Let q = -200 + 115. Let f(n) = -19*n - 14. Let v be f(-8). Let j = q + v. What is the units digit of j?
3
Suppose 60 = 35*b - 23*b. Suppose -2*n + 1707 = b*v, -9*n = -5*n + 4*v - 3432. What is the units digit of n?
1
Let k = 440 + -437. What is the units digit of k - (-3 - -1 - 841)?
6
Let o(x) = -56*x**3 + x**2 + x - 2. Let p = 487 - 489. What is the tens digit of o(p)?
4
Let m(c) = -c**3 + 2*c**2 - 5*c + 4. Let d be m(-3). Let r be (d/10 + -4)/(2/175). Let a = r + -101. What is the tens digit of a?
0
Suppose -7*g + 6*g - 6 = 0. Let p be -2 - -1 - (3 - (1 - g)). What is the units digit of 3540/40*(2/p)/1?
9
Let s(c) be the first derivative of -18*c**2 - 13*c - 9. Let b = 908 + -914. What is the units digit of s(b)?
3
Let p = -384 - -379. What is the tens digit of (366/(-12))/(p/90)?
4
Let d = 410 + -607. Let j be (51/85)/(2/(-270)). Let k = j - d. What is the hundreds digit of k?
1
Suppose -1 = -h - 5. Let o be -1 + (-6)/h + 901/34. Suppose 21*r + 558 = o*r. What is the units digit of r?
3
Let v be 6 + (-7)/(28/2068). What is the tens digit of 0 - v - (6 + 1 + -4)?
0
Let r(h) = -12*h + 51. Let q = 4 - 6. Let l be ((4 - 5) + q)*3. What is the tens digit of r(l)?
5
Let j(l) = -52*l + 247. Let i(r) = r**2 - 12*r + 27. Let m be i(4). What is the units digit of j(m)?
7
Let p(b) = -b**3 + 4*b**2 - 33*b + 60. Let f be p(2). Suppose -f*o + 24556 = 26*o. What is the tens digit of o?
7
Let x(f) = 9*f**2 - 38*f - 877. What is the thousands digit of x(-13)?
1
Let h(n) = -3*n**2 + 4*n + 9. Let l be h(4). Let i(p) = 2*p**2 + 34*p + 19. What is the hundreds digit of i(l)?
2
Let q be (-18 - 2)*(3 + 42/(-12)). What is the hundreds digit of 978/4 - 5/q?
2
Suppose -d - 2*q = -1834, 7371 = -55*d + 59*d + q. What is the thousands digit of d?
1
Suppose 0 = 2*n - 2, -5*l + n = -0*n - 33519. Suppose 1491 + l = 5*r. What is the tens digit of r?
3
Let f = 121 + -106. Suppose f*t - 3*t = 4788. What is the hundreds digit of t?
3
Let z be (6726/8)/(6/8). Suppose -z = -3*u + 538. What is the units digit of u?
3
What is the units digit of ((78 - -1)*364/(-35))/(38/(-1045))?
4
Let m be ((-42)/(-7))/((-3)/2). Let j(z) = z**3 + 7*z**2 + 2*z + 3. What is the units digit of j(m)?
3
Let q(i) = 30*i + 1495. What is the tens digit of q(-8)